{"id":106,"date":"2026-01-17T07:08:14","date_gmt":"2026-01-17T07:08:14","guid":{"rendered":"https:\/\/cokhihieuvinh.com\/?post_type=product&#038;p=106"},"modified":"2026-01-17T07:09:05","modified_gmt":"2026-01-17T07:09:05","slug":"cong-sat","status":"publish","type":"product","link":"https:\/\/cokhihieuvinh.com\/?product=cong-sat","title":{"rendered":"C\u1ed5ng S\u1eaft CNC 4 C\u00e1nh H\u1ecda Ti\u1ebft Tr\u1ed1ng \u0110\u1ed3ng &#8211; M\u1eabu HV.01 (M\u1eabu M\u1edbi Nh\u1ea5t 2026)"},"content":{"rendered":"<blockquote data-path-to-node=\"9\">\n<p data-path-to-node=\"9,0\"><b data-path-to-node=\"9,0\" data-index-in-node=\"0\">\u0110\u1eb2NG C\u1ea4P C\u1eecA C\u1ed4NG CNC &#8211; N\u00c2NG T\u1ea6M NG\u00d4I NH\u00c0 VI\u1ec6T<\/b> <b data-path-to-node=\"9,0\" data-index-in-node=\"47\">M\u1eaaU HV.01: H\u1eccA TI\u1ebeT TR\u1ed0NG \u0110\u1ed2NG \u0110\u00d4NG S\u01a0N<\/b><\/p>\n<p data-path-to-node=\"9,1\">C\u1eeda c\u1ed5ng kh\u00f4ng ch\u1ec9 \u0111\u1ec3 b\u1ea3o v\u1ec7, m\u00e0 c\u00f2n l\u00e0 b\u1ed9 m\u1eb7t c\u1ee7a gia ch\u1ee7. M\u1eabu c\u1ed5ng CNC Tr\u1ed1ng \u0110\u1ed3ng hi\u1ec7n \u0111ang l\u00e0 xu h\u01b0\u1edbng s\u1ed1 1 t\u1ea1i Gia Lai nh\u1edd v\u1ebb \u0111\u1eb9p quy\u1ec1n uy, tinh t\u1ebf v\u00e0 \u00fd ngh\u0129a phong th\u1ee7y t\u1ed1t l\u00e0nh.<\/p>\n<h3 data-path-to-node=\"9,2\">1. Th\u00f4ng S\u1ed1 K\u1ef9 Thu\u1eadt &#8220;N\u1ed3i \u0110\u1ed3ng C\u1ed1i \u0110\u00e1&#8221;:<\/h3>\n<ul data-path-to-node=\"9,3\">\n<li>\n<p data-path-to-node=\"9,3,0,0\"><b data-path-to-node=\"9,3,0,0\" data-index-in-node=\"0\">V\u1eadt li\u1ec7u c\u1ed1t l\u00f5i:<\/b> S\u1eed d\u1ee5ng 100% S\u1eaft h\u1ed9p m\u1ea1 k\u1ebdm H\u00f2a Ph\u00e1t ch\u00ednh h\u00e3ng. Khung bao d\u00e0y d\u1eb7n (\u0111\u1ed9 d\u00e0y 1.4mm &#8211; 1.8mm t\u00f9y gia ch\u1ee7 l\u1ef1a ch\u1ecdn), \u0111\u1ea3m b\u1ea3o c\u1ee9ng c\u00e1p, kh\u00f4ng rung l\u1eafc.<\/p>\n<\/li>\n<li>\n<p data-path-to-node=\"9,3,1,0\"><b data-path-to-node=\"9,3,1,0\" data-index-in-node=\"0\">C\u00f4ng ngh\u1ec7 c\u1eaft:<\/b> C\u1eaft Laser CNC tr\u00ean t\u1ea5m th\u00e9p nguy\u00ean kh\u1ed1i. \u0110\u01b0\u1eddng c\u1eaft s\u1eafc s\u1ea3o, kh\u00f4ng c\u00f3 m\u1ed1i h\u00e0n n\u1ed1i, t\u1ea1o n\u00ean hoa v\u0103n Tr\u1ed1ng \u0110\u1ed3ng li\u1ec1n m\u1ea1ch, m\u1ec1m m\u1ea1i.<\/p>\n<\/li>\n<li>\n<p data-path-to-node=\"9,3,2,0\"><b data-path-to-node=\"9,3,2,0\" data-index-in-node=\"0\">C\u00f4ng ngh\u1ec7 s\u01a1n:<\/b> \u0110\u00e2y l\u00e0 th\u1ebf m\u1ea1nh c\u1ee7a Hi\u1ebfu Vinh. Ch\u00fang t\u00f4i d\u00f9ng s\u01a1n Epoxy 2 th\u00e0nh ph\u1ea7n (lo\u1ea1i d\u00f9ng cho t\u00e0u bi\u1ec3n) ho\u1eb7c s\u01a1n t\u0129nh \u0111i\u1ec7n.<\/p>\n<ul data-path-to-node=\"9,3,2,1\">\n<li>\n<p data-path-to-node=\"9,3,2,1,0,0\"><i data-path-to-node=\"9,3,2,1,0,0\" data-index-in-node=\"0\">M\u00e0u s\u1eafc:<\/i> \u0110en tuy\u1ec1n k\u1ebft h\u1ee3p nh\u0169 v\u00e0ng 18K \u1edf c\u00e1c \u0111i\u1ec3m nh\u1ea5n hoa v\u0103n, t\u1ea1o hi\u1ec7u \u1ee9ng 3D c\u1ef1c \u0111\u1eb9p d\u01b0\u1edbi n\u1eafng.<\/p>\n<\/li>\n<\/ul>\n<\/li>\n<\/ul>\n<h3 data-path-to-node=\"9,4\">2. T\u1ea1i Sao N\u00ean L\u00e0m C\u1ed5ng T\u1ea1i C\u01a1 Kh\u00ed Hi\u1ebfu Vinh?<\/h3>\n<ul data-path-to-node=\"9,5\">\n<li>\n<p data-path-to-node=\"9,5,0,0\"><b data-path-to-node=\"9,5,0,0\" data-index-in-node=\"0\">\u0110o \u0111\u1ea1c t\u1eadn n\u01a1i:<\/b> Ch\u1ec9 c\u1ea7n alo, Hi\u1ebfu s\u1ebd mang m\u1eabu qua t\u1eadn nh\u00e0 \u0111o \u0111\u1ea1c mi\u1ec5n ph\u00ed t\u1ea1i TP. Pleiku.<\/p>\n<\/li>\n<li>\n<p data-path-to-node=\"9,5,1,0\"><b data-path-to-node=\"9,5,1,0\" data-index-in-node=\"0\">Gi\u00e1 t\u1eadn x\u01b0\u1edfng:<\/b> Ch\u00fang t\u00f4i l\u00e0 x\u01b0\u1edfng s\u1ea3n xu\u1ea5t tr\u1ef1c ti\u1ebfp t\u1ea1i T\u00f4n Th\u1ea5t Thuy\u1ebft, kh\u00f4ng qua trung gian th\u01b0\u01a1ng m\u1ea1i, gi\u00e1 lu\u00f4n t\u1ed1t nh\u1ea5t th\u1ecb tr\u01b0\u1eddng.<\/p>\n<\/li>\n<li>\n<p data-path-to-node=\"9,5,2,0\"><b data-path-to-node=\"9,5,2,0\" data-index-in-node=\"0\">B\u1ea3o h\u00e0nh uy t\u00edn:<\/b> B\u1ea3o h\u00e0nh m\u00e0u s\u01a1n v\u00e0 k\u1ebft c\u1ea5u m\u1ed1i h\u00e0n l\u00ean \u0111\u1ebfn 12 th\u00e1ng.<\/p>\n<\/li>\n<\/ul>\n<h3 data-path-to-node=\"9,6\">3. C\u00e1c M\u1eabu Hoa V\u0103n Kh\u00e1c:<\/h3>\n<p data-path-to-node=\"9,7\">Ngo\u00e0i Tr\u1ed1ng \u0110\u1ed3ng, x\u01b0\u1edfng c\u00f2n nh\u1eadn c\u1eaft theo y\u00eau c\u1ea7u:<\/p>\n<ul data-path-to-node=\"9,8\">\n<li>\n<p data-path-to-node=\"9,8,0,0\"><i data-path-to-node=\"9,8,0,0\" data-index-in-node=\"0\">B\u1ed9 T\u1ee9 Qu\u00fd:<\/i> T\u00f9ng &#8211; C\u00fac &#8211; Tr\u00fac &#8211; Mai.<\/p>\n<\/li>\n<li>\n<p data-path-to-node=\"9,8,1,0\"><i data-path-to-node=\"9,8,1,0\" data-index-in-node=\"0\">M\u1eabu Ch\u1eef Ph\u00fac &#8211; L\u1ed9c &#8211; Th\u1ecd.<\/i><\/p>\n<\/li>\n<li>\n<p data-path-to-node=\"9,8,2,0\"><i data-path-to-node=\"9,8,2,0\" data-index-in-node=\"0\">Hoa v\u0103n hi\u1ec7n \u0111\u1ea1i, h\u00ecnh h\u1ecdc.<\/i><\/p>\n<\/li>\n<\/ul>\n<hr data-path-to-node=\"9,9\" \/>\n<p data-path-to-node=\"9,10\">\ud83d\udce2 <b data-path-to-node=\"9,10\" data-index-in-node=\"3\">LI\u00caN H\u1ec6 \u0110\u1ec2 NH\u1eacN B\u00c1O GI\u00c1 C\u1eecA C\u1ed4NG M\u1edaI NH\u1ea4T<\/b> \ud83c\udfe0 <b data-path-to-node=\"9,10\" data-index-in-node=\"48\">X\u01b0\u1edfng C\u01a1 Kh\u00ed Hi\u1ebfu Vinh<\/b> \ud83d\udccd <i data-path-to-node=\"9,10\" data-index-in-node=\"74\">\u0110\u1ecba ch\u1ec9:<\/i> 77\/4 T\u00f4n Th\u1ea5t Thuy\u1ebft, P. Th\u1ed1ng Nh\u1ea5t, TP. Pleiku. \ud83d\udcde <i data-path-to-node=\"9,10\" data-index-in-node=\"135\">Hotline\/Zalo:<\/i> <b data-path-to-node=\"9,10\" data-index-in-node=\"149\">035.8888.493<\/b> (Mr. Hi\u1ebfu)<\/p>\n<\/blockquote>\n","protected":false},"excerpt":{"rendered":"<p>\u2705 M\u1eabu c\u1eeda c\u1ed5ng 4 c\u00e1nh c\u1eaft CNC laser nguy\u00ean t\u1ea5m s\u1eafc n\u00e9t, sang tr\u1ecdng.<br \/>\n\u2705 H\u1ecda ti\u1ebft Tr\u1ed1ng \u0110\u1ed3ng \u0110\u00f4ng S\u01a1n mang l\u1ea1i t\u00e0i l\u1ed9c, ph\u00f9 h\u1ee3p nh\u00e0 ph\u1ed1 &amp; bi\u1ec7t th\u1ef1 Pleiku.<br \/>\n\u2705 S\u01a1n Epoxy 2 th\u00e0nh ph\u1ea7n ho\u1eb7c T\u0129nh \u0111i\u1ec7n cao c\u1ea5p, bao n\u1eafng m\u01b0a kh\u00f4ng phai m\u00e0u.<br \/>\n\ud83d\udcde <b data-path-to-node=\"7\" data-index-in-node=\"264\">Hotline b\u00e1o gi\u00e1 t\u1eadn x\u01b0\u1edfng: 035.8888.493 (Hi\u1ebfu)<\/b><\/p>\n","protected":false},"featured_media":108,"comment_status":"open","ping_status":"closed","template":"","meta":[],"product_brand":[],"product_cat":[31],"product_tag":[34,32,33],"class_list":{"0":"post-106","1":"product","2":"type-product","3":"status-publish","4":"has-post-thumbnail","6":"product_cat-cong-sat-cnc","7":"product_tag-cong-ngo","8":"product_tag-cong-sat","9":"product_tag-hang-rao-sat","11":"first","12":"instock","13":"virtual","14":"product-type-simple"},"yoast_head":"<!-- This site is optimized with the Yoast SEO plugin v26.9 - https:\/\/yoast.com\/product\/yoast-seo-wordpress\/ -->\n<title>C\u1ed5ng S\u1eaft CNC 4 C\u00e1nh H\u1ecda Ti\u1ebft Tr\u1ed1ng \u0110\u1ed3ng - M\u1eabu HV.01 (M\u1eabu M\u1edbi Nh\u1ea5t 2026) - C\u01a1 kh\u00ed Hi\u1ebfu Vinh - Chuy\u00ean C\u1eeda S\u1eaft, M\u00e1i T\u00f4n, Nh\u00e0 Ti\u1ec1n Ch\u1ebf Pleiku<\/title>\n<meta name=\"description\" content=\"\u2705 M\u1eabu c\u1eeda c\u1ed5ng 4 c\u00e1nh c\u1eaft CNC laser nguy\u00ean t\u1ea5m s\u1eafc n\u00e9t, sang tr\u1ecdng.\u2705 H\u1ecda ti\u1ebft Tr\u1ed1ng \u0110\u1ed3ng \u0110\u00f4ng S\u01a1n mang l\u1ea1i t\u00e0i l\u1ed9c, ph\u00f9 h\u1ee3p nh\u00e0 ph\u1ed1 &amp; bi\u1ec7t th\u1ef1 Pleiku.\u2705 S\u01a1n Epoxy 2 th\u00e0nh ph\u1ea7n ho\u1eb7c T\u0129nh \u0111i\u1ec7n cao c\u1ea5p, bao n\u1eafng m\u01b0a kh\u00f4ng phai m\u00e0u.\ud83d\udcde Hotline b\u00e1o gi\u00e1 t\u1eadn x\u01b0\u1edfng: 035.8888.493 (Hi\u1ebfu)\" \/>\n<meta name=\"robots\" content=\"index, follow, max-snippet:-1, max-image-preview:large, max-video-preview:-1\" \/>\n<link rel=\"canonical\" href=\"https:\/\/cokhihieuvinh.com\/?product=cong-sat\" \/>\n<meta property=\"og:locale\" content=\"vi_VN\" \/>\n<meta property=\"og:type\" content=\"article\" \/>\n<meta property=\"og:title\" content=\"C\u1ed5ng S\u1eaft CNC 4 C\u00e1nh H\u1ecda Ti\u1ebft Tr\u1ed1ng \u0110\u1ed3ng - M\u1eabu HV.01 (M\u1eabu M\u1edbi Nh\u1ea5t 2026) - C\u01a1 kh\u00ed Hi\u1ebfu Vinh - Chuy\u00ean C\u1eeda S\u1eaft, M\u00e1i T\u00f4n, Nh\u00e0 Ti\u1ec1n Ch\u1ebf Pleiku\" \/>\n<meta property=\"og:description\" content=\"\u2705 M\u1eabu c\u1eeda c\u1ed5ng 4 c\u00e1nh c\u1eaft CNC laser nguy\u00ean t\u1ea5m s\u1eafc n\u00e9t, sang tr\u1ecdng.\u2705 H\u1ecda ti\u1ebft Tr\u1ed1ng \u0110\u1ed3ng \u0110\u00f4ng S\u01a1n mang l\u1ea1i t\u00e0i l\u1ed9c, ph\u00f9 h\u1ee3p nh\u00e0 ph\u1ed1 &amp; bi\u1ec7t th\u1ef1 Pleiku.\u2705 S\u01a1n Epoxy 2 th\u00e0nh ph\u1ea7n ho\u1eb7c T\u0129nh \u0111i\u1ec7n cao c\u1ea5p, bao n\u1eafng m\u01b0a kh\u00f4ng phai m\u00e0u.\ud83d\udcde Hotline b\u00e1o gi\u00e1 t\u1eadn x\u01b0\u1edfng: 035.8888.493 (Hi\u1ebfu)\" \/>\n<meta property=\"og:url\" content=\"https:\/\/cokhihieuvinh.com\/?product=cong-sat\" \/>\n<meta property=\"og:site_name\" content=\"C\u01a1 kh\u00ed Hi\u1ebfu Vinh - Chuy\u00ean C\u1eeda S\u1eaft, M\u00e1i T\u00f4n, Nh\u00e0 Ti\u1ec1n Ch\u1ebf Pleiku\" \/>\n<meta property=\"article:modified_time\" content=\"2026-01-17T07:09:05+00:00\" \/>\n<meta property=\"og:image\" content=\"https:\/\/cokhihieuvinh.com\/wp-content\/uploads\/2026\/01\/cong-lap-o-nha-pho-voi-mau-sac-den-nhu-vang-sang-chanh-duoi-nang-1024x559.png\" \/>\n\t<meta property=\"og:image:width\" content=\"1024\" \/>\n\t<meta property=\"og:image:height\" content=\"559\" \/>\n\t<meta property=\"og:image:type\" content=\"image\/png\" \/>\n<meta name=\"twitter:card\" content=\"summary_large_image\" \/>\n<meta name=\"twitter:label1\" content=\"\u01af\u1edbc t\u00ednh th\u1eddi gian \u0111\u1ecdc\" \/>\n\t<meta name=\"twitter:data1\" content=\"1 ph\u00fat\" \/>\n<script type=\"application\/ld+json\" class=\"yoast-schema-graph\">{\"@context\":\"https:\/\/schema.org\",\"@graph\":[{\"@type\":\"WebPage\",\"@id\":\"https:\/\/cokhihieuvinh.com\/?product=cong-sat\",\"url\":\"https:\/\/cokhihieuvinh.com\/?product=cong-sat\",\"name\":\"C\u1ed5ng S\u1eaft CNC 4 C\u00e1nh H\u1ecda Ti\u1ebft Tr\u1ed1ng \u0110\u1ed3ng - M\u1eabu HV.01 (M\u1eabu M\u1edbi Nh\u1ea5t 2026) - C\u01a1 kh\u00ed Hi\u1ebfu Vinh - Chuy\u00ean C\u1eeda S\u1eaft, M\u00e1i T\u00f4n, Nh\u00e0 Ti\u1ec1n Ch\u1ebf Pleiku\",\"isPartOf\":{\"@id\":\"https:\/\/cokhihieuvinh.com\/#website\"},\"primaryImageOfPage\":{\"@id\":\"https:\/\/cokhihieuvinh.com\/?product=cong-sat#primaryimage\"},\"image\":{\"@id\":\"https:\/\/cokhihieuvinh.com\/?product=cong-sat#primaryimage\"},\"thumbnailUrl\":\"https:\/\/cokhihieuvinh.com\/wp-content\/uploads\/2026\/01\/cong-lap-o-nha-pho-voi-mau-sac-den-nhu-vang-sang-chanh-duoi-nang-scaled.png\",\"datePublished\":\"2026-01-17T07:08:14+00:00\",\"dateModified\":\"2026-01-17T07:09:05+00:00\",\"description\":\"\u2705 M\u1eabu c\u1eeda c\u1ed5ng 4 c\u00e1nh c\u1eaft CNC laser nguy\u00ean t\u1ea5m s\u1eafc n\u00e9t, sang tr\u1ecdng.\u2705 H\u1ecda ti\u1ebft Tr\u1ed1ng \u0110\u1ed3ng \u0110\u00f4ng S\u01a1n mang l\u1ea1i t\u00e0i l\u1ed9c, ph\u00f9 h\u1ee3p nh\u00e0 ph\u1ed1 & bi\u1ec7t th\u1ef1 Pleiku.\u2705 S\u01a1n Epoxy 2 th\u00e0nh ph\u1ea7n ho\u1eb7c T\u0129nh \u0111i\u1ec7n cao c\u1ea5p, bao n\u1eafng m\u01b0a kh\u00f4ng phai m\u00e0u.\ud83d\udcde Hotline b\u00e1o gi\u00e1 t\u1eadn x\u01b0\u1edfng: 035.8888.493 (Hi\u1ebfu)\",\"breadcrumb\":{\"@id\":\"https:\/\/cokhihieuvinh.com\/?product=cong-sat#breadcrumb\"},\"inLanguage\":\"vi\",\"potentialAction\":[{\"@type\":\"ReadAction\",\"target\":[\"https:\/\/cokhihieuvinh.com\/?product=cong-sat\"]}]},{\"@type\":\"ImageObject\",\"inLanguage\":\"vi\",\"@id\":\"https:\/\/cokhihieuvinh.com\/?product=cong-sat#primaryimage\",\"url\":\"https:\/\/cokhihieuvinh.com\/wp-content\/uploads\/2026\/01\/cong-lap-o-nha-pho-voi-mau-sac-den-nhu-vang-sang-chanh-duoi-nang-scaled.png\",\"contentUrl\":\"https:\/\/cokhihieuvinh.com\/wp-content\/uploads\/2026\/01\/cong-lap-o-nha-pho-voi-mau-sac-den-nhu-vang-sang-chanh-duoi-nang-scaled.png\",\"width\":2560,\"height\":1396},{\"@type\":\"BreadcrumbList\",\"@id\":\"https:\/\/cokhihieuvinh.com\/?product=cong-sat#breadcrumb\",\"itemListElement\":[{\"@type\":\"ListItem\",\"position\":1,\"name\":\"Trang ch\u1ee7\",\"item\":\"https:\/\/cokhihieuvinh.com\/\"},{\"@type\":\"ListItem\",\"position\":2,\"name\":\"C\u1eeda h\u00e0ng\",\"item\":\"https:\/\/cokhihieuvinh.com\/?page_id=23\"},{\"@type\":\"ListItem\",\"position\":3,\"name\":\"C\u1ed5ng S\u1eaft CNC 4 C\u00e1nh H\u1ecda Ti\u1ebft Tr\u1ed1ng \u0110\u1ed3ng &#8211; M\u1eabu HV.01 (M\u1eabu M\u1edbi Nh\u1ea5t 2026)\"}]},{\"@type\":\"WebSite\",\"@id\":\"https:\/\/cokhihieuvinh.com\/#website\",\"url\":\"https:\/\/cokhihieuvinh.com\/\",\"name\":\"C\u01a1 kh\u00ed Hi\u1ebfu Vinh - Chuy\u00ean C\u1eeda S\u1eaft, M\u00e1i T\u00f4n, Nh\u00e0 Ti\u1ec1n Ch\u1ebf Pleiku\",\"description\":\"\",\"potentialAction\":[{\"@type\":\"SearchAction\",\"target\":{\"@type\":\"EntryPoint\",\"urlTemplate\":\"https:\/\/cokhihieuvinh.com\/?s={search_term_string}\"},\"query-input\":{\"@type\":\"PropertyValueSpecification\",\"valueRequired\":true,\"valueName\":\"search_term_string\"}}],\"inLanguage\":\"vi\"}]}<\/script>\n<!-- \/ Yoast SEO plugin. -->","yoast_head_json":{"title":"C\u1ed5ng S\u1eaft CNC 4 C\u00e1nh H\u1ecda Ti\u1ebft Tr\u1ed1ng \u0110\u1ed3ng - M\u1eabu HV.01 (M\u1eabu M\u1edbi Nh\u1ea5t 2026) - C\u01a1 kh\u00ed Hi\u1ebfu Vinh - Chuy\u00ean C\u1eeda S\u1eaft, M\u00e1i T\u00f4n, Nh\u00e0 Ti\u1ec1n Ch\u1ebf Pleiku","description":"\u2705 M\u1eabu c\u1eeda c\u1ed5ng 4 c\u00e1nh c\u1eaft CNC laser nguy\u00ean t\u1ea5m s\u1eafc n\u00e9t, sang tr\u1ecdng.\u2705 H\u1ecda ti\u1ebft Tr\u1ed1ng \u0110\u1ed3ng \u0110\u00f4ng S\u01a1n mang l\u1ea1i t\u00e0i l\u1ed9c, ph\u00f9 h\u1ee3p nh\u00e0 ph\u1ed1 & bi\u1ec7t th\u1ef1 Pleiku.\u2705 S\u01a1n Epoxy 2 th\u00e0nh ph\u1ea7n ho\u1eb7c T\u0129nh \u0111i\u1ec7n cao c\u1ea5p, bao n\u1eafng m\u01b0a kh\u00f4ng phai m\u00e0u.\ud83d\udcde Hotline b\u00e1o gi\u00e1 t\u1eadn x\u01b0\u1edfng: 035.8888.493 (Hi\u1ebfu)","robots":{"index":"index","follow":"follow","max-snippet":"max-snippet:-1","max-image-preview":"max-image-preview:large","max-video-preview":"max-video-preview:-1"},"canonical":"https:\/\/cokhihieuvinh.com\/?product=cong-sat","og_locale":"vi_VN","og_type":"article","og_title":"C\u1ed5ng S\u1eaft CNC 4 C\u00e1nh H\u1ecda Ti\u1ebft Tr\u1ed1ng \u0110\u1ed3ng - M\u1eabu HV.01 (M\u1eabu M\u1edbi Nh\u1ea5t 2026) - C\u01a1 kh\u00ed Hi\u1ebfu Vinh - Chuy\u00ean C\u1eeda S\u1eaft, M\u00e1i T\u00f4n, Nh\u00e0 Ti\u1ec1n Ch\u1ebf Pleiku","og_description":"\u2705 M\u1eabu c\u1eeda c\u1ed5ng 4 c\u00e1nh c\u1eaft CNC laser nguy\u00ean t\u1ea5m s\u1eafc n\u00e9t, sang tr\u1ecdng.\u2705 H\u1ecda ti\u1ebft Tr\u1ed1ng \u0110\u1ed3ng \u0110\u00f4ng S\u01a1n mang l\u1ea1i t\u00e0i l\u1ed9c, ph\u00f9 h\u1ee3p nh\u00e0 ph\u1ed1 & bi\u1ec7t th\u1ef1 Pleiku.\u2705 S\u01a1n Epoxy 2 th\u00e0nh ph\u1ea7n ho\u1eb7c T\u0129nh \u0111i\u1ec7n cao c\u1ea5p, bao n\u1eafng m\u01b0a kh\u00f4ng phai m\u00e0u.\ud83d\udcde Hotline b\u00e1o gi\u00e1 t\u1eadn x\u01b0\u1edfng: 035.8888.493 (Hi\u1ebfu)","og_url":"https:\/\/cokhihieuvinh.com\/?product=cong-sat","og_site_name":"C\u01a1 kh\u00ed Hi\u1ebfu Vinh - Chuy\u00ean C\u1eeda S\u1eaft, M\u00e1i T\u00f4n, Nh\u00e0 Ti\u1ec1n Ch\u1ebf Pleiku","article_modified_time":"2026-01-17T07:09:05+00:00","og_image":[{"width":1024,"height":559,"url":"https:\/\/cokhihieuvinh.com\/wp-content\/uploads\/2026\/01\/cong-lap-o-nha-pho-voi-mau-sac-den-nhu-vang-sang-chanh-duoi-nang-1024x559.png","type":"image\/png"}],"twitter_card":"summary_large_image","twitter_misc":{"\u01af\u1edbc t\u00ednh th\u1eddi gian \u0111\u1ecdc":"1 ph\u00fat"},"schema":{"@context":"https:\/\/schema.org","@graph":[{"@type":"WebPage","@id":"https:\/\/cokhihieuvinh.com\/?product=cong-sat","url":"https:\/\/cokhihieuvinh.com\/?product=cong-sat","name":"C\u1ed5ng S\u1eaft CNC 4 C\u00e1nh H\u1ecda Ti\u1ebft Tr\u1ed1ng \u0110\u1ed3ng - M\u1eabu HV.01 (M\u1eabu M\u1edbi Nh\u1ea5t 2026) - C\u01a1 kh\u00ed Hi\u1ebfu Vinh - Chuy\u00ean C\u1eeda S\u1eaft, M\u00e1i T\u00f4n, Nh\u00e0 Ti\u1ec1n Ch\u1ebf Pleiku","isPartOf":{"@id":"https:\/\/cokhihieuvinh.com\/#website"},"primaryImageOfPage":{"@id":"https:\/\/cokhihieuvinh.com\/?product=cong-sat#primaryimage"},"image":{"@id":"https:\/\/cokhihieuvinh.com\/?product=cong-sat#primaryimage"},"thumbnailUrl":"https:\/\/cokhihieuvinh.com\/wp-content\/uploads\/2026\/01\/cong-lap-o-nha-pho-voi-mau-sac-den-nhu-vang-sang-chanh-duoi-nang-scaled.png","datePublished":"2026-01-17T07:08:14+00:00","dateModified":"2026-01-17T07:09:05+00:00","description":"\u2705 M\u1eabu c\u1eeda c\u1ed5ng 4 c\u00e1nh c\u1eaft CNC laser nguy\u00ean t\u1ea5m s\u1eafc n\u00e9t, sang tr\u1ecdng.\u2705 H\u1ecda ti\u1ebft Tr\u1ed1ng \u0110\u1ed3ng \u0110\u00f4ng S\u01a1n mang l\u1ea1i t\u00e0i l\u1ed9c, ph\u00f9 h\u1ee3p nh\u00e0 ph\u1ed1 & bi\u1ec7t th\u1ef1 Pleiku.\u2705 S\u01a1n Epoxy 2 th\u00e0nh ph\u1ea7n ho\u1eb7c T\u0129nh \u0111i\u1ec7n cao c\u1ea5p, bao n\u1eafng m\u01b0a kh\u00f4ng phai m\u00e0u.\ud83d\udcde Hotline b\u00e1o gi\u00e1 t\u1eadn x\u01b0\u1edfng: 035.8888.493 (Hi\u1ebfu)","breadcrumb":{"@id":"https:\/\/cokhihieuvinh.com\/?product=cong-sat#breadcrumb"},"inLanguage":"vi","potentialAction":[{"@type":"ReadAction","target":["https:\/\/cokhihieuvinh.com\/?product=cong-sat"]}]},{"@type":"ImageObject","inLanguage":"vi","@id":"https:\/\/cokhihieuvinh.com\/?product=cong-sat#primaryimage","url":"https:\/\/cokhihieuvinh.com\/wp-content\/uploads\/2026\/01\/cong-lap-o-nha-pho-voi-mau-sac-den-nhu-vang-sang-chanh-duoi-nang-scaled.png","contentUrl":"https:\/\/cokhihieuvinh.com\/wp-content\/uploads\/2026\/01\/cong-lap-o-nha-pho-voi-mau-sac-den-nhu-vang-sang-chanh-duoi-nang-scaled.png","width":2560,"height":1396},{"@type":"BreadcrumbList","@id":"https:\/\/cokhihieuvinh.com\/?product=cong-sat#breadcrumb","itemListElement":[{"@type":"ListItem","position":1,"name":"Trang ch\u1ee7","item":"https:\/\/cokhihieuvinh.com\/"},{"@type":"ListItem","position":2,"name":"C\u1eeda h\u00e0ng","item":"https:\/\/cokhihieuvinh.com\/?page_id=23"},{"@type":"ListItem","position":3,"name":"C\u1ed5ng S\u1eaft CNC 4 C\u00e1nh H\u1ecda Ti\u1ebft Tr\u1ed1ng \u0110\u1ed3ng &#8211; M\u1eabu HV.01 (M\u1eabu M\u1edbi Nh\u1ea5t 2026)"}]},{"@type":"WebSite","@id":"https:\/\/cokhihieuvinh.com\/#website","url":"https:\/\/cokhihieuvinh.com\/","name":"C\u01a1 kh\u00ed Hi\u1ebfu Vinh - Chuy\u00ean C\u1eeda S\u1eaft, M\u00e1i T\u00f4n, Nh\u00e0 Ti\u1ec1n Ch\u1ebf Pleiku","description":"","potentialAction":[{"@type":"SearchAction","target":{"@type":"EntryPoint","urlTemplate":"https:\/\/cokhihieuvinh.com\/?s={search_term_string}"},"query-input":{"@type":"PropertyValueSpecification","valueRequired":true,"valueName":"search_term_string"}}],"inLanguage":"vi"}]}},"jetpack_sharing_enabled":true,"_links":{"self":[{"href":"https:\/\/cokhihieuvinh.com\/index.php?rest_route=\/wp\/v2\/product\/106","targetHints":{"allow":["GET"]}}],"collection":[{"href":"https:\/\/cokhihieuvinh.com\/index.php?rest_route=\/wp\/v2\/product"}],"about":[{"href":"https:\/\/cokhihieuvinh.com\/index.php?rest_route=\/wp\/v2\/types\/product"}],"replies":[{"embeddable":true,"href":"https:\/\/cokhihieuvinh.com\/index.php?rest_route=%2Fwp%2Fv2%2Fcomments&post=106"}],"wp:featuredmedia":[{"embeddable":true,"href":"https:\/\/cokhihieuvinh.com\/index.php?rest_route=\/wp\/v2\/media\/108"}],"wp:attachment":[{"href":"https:\/\/cokhihieuvinh.com\/index.php?rest_route=%2Fwp%2Fv2%2Fmedia&parent=106"}],"wp:term":[{"taxonomy":"product_brand","embeddable":true,"href":"https:\/\/cokhihieuvinh.com\/index.php?rest_route=%2Fwp%2Fv2%2Fproduct_brand&post=106"},{"taxonomy":"product_cat","embeddable":true,"href":"https:\/\/cokhihieuvinh.com\/index.php?rest_route=%2Fwp%2Fv2%2Fproduct_cat&post=106"},{"taxonomy":"product_tag","embeddable":true,"href":"https:\/\/cokhihieuvinh.com\/index.php?rest_route=%2Fwp%2Fv2%2Fproduct_tag&post=106"}],"curies":[{"name":"wp","href":"https:\/\/api.w.org\/{rel}","templated":true}]}}